+ (-6 - 2) + -2?
-3
Calculate (-6 - -9 - 0) + -4.
-1
What is the value of (10 - (-12 + 10)) + -2 + -1?
9
(2 - 3) + (3 - 6) + -1
-5
Calculate -1 - 2 - (3 + (-5 - -3)).
-4
35 - 32 - (7 + -2)
-2
Calculate 3 - -1 - 6 - (6 - 5).
-3
Evaluate 3 + -2 - -2 - 8.
-5
Evaluate -8 - (-11 + -7 - -8).
2
What is 3 + -11 + 3 + 2?
-3
0 - -2 - (4 - (1 + 5))
4
3 + -4 + -2 + 1
-2
What is the value of -1 + (-1 - 3) + 2 + 3?
0
What is the value of -5 + (2 - (-4 - -8)) + 13?
6
What is -4 + 7 - (2 - 1)?
2
Evaluate (5 - 0) + -2 + 7 + -5.
5
What is -6 - (-6 - (-6 - -1) - 6)?
1
What is (1 - -4) + (-11 - -4) + 7?
5
What is the value of (-7 - -6) + (0 - (-2 + 2))?
-1
Evaluate 4 + 0 + -2 + 3.
5
Evaluate (-7 - (-9 - -6)) + 5 - 8.
-7
What is the value of 19 + -11 + 1 + -5?
4
8 + -6 - (2 + -1)
1
What is 7 - (26 + -9 + -1)?
-9
What is the value of (27 - 26) + (-2 - (-3 - 1))?
3
What is (-6 - -4 - -3) + 5 + -2?
4
What is 10 + -7 - (-2 + (1 - 1))?
5
Evaluate (-8 - -6) + (0 - -5).
3
What is -2 + (5 - (9 - 5))?
-1
Calculate (2 - 3 - 0) + -3 + -1.
-5
What is the value of (20 - 18) + -7 + 0?
-5
What is the value of -3 + 4 + (-6 - -6 - 0)?
1
Calculate -1 + (2 - (-12 + 12)).
1
What is -2 - 0 - (11 + -8 - 2)?
-3
-5 + 6 + (0 - 4)
-3
Calculate -3 + -4 + 9 + -3 + 2.
1
Evaluate (-5 - -3) + -3 + 0.
-5
18 + -19 + 0 + 2
1
What is 0 + 4 + 0 + -6?
-2
(16 - 15) + -7 + (1 - -1)
-4
What is the value of -3 + 2 + 2 + -4?
-3
4 - ((-1 - -5) + -5) - 5
0
What is the value of (17 - 19) + (0 - 2 - -2)?
-2
Evaluate (-1 - (-1 - -1)) + (10 - 10).
-1
-6 + 1 - (4 + -5)
-4
What is the value of (0 - -2) + 2 + -1?
3
What is the value of 2 + -6 - (1 - 0)?
-5
4 - (0 - -4 - -5)
-5
6 + (-2 - (-9 + 9))
4
What is the value of 1 - (0 - (0 + 0))?
1
Evaluate 4 + -1 - (-1 + 3).
1
What is -7 - (-9 - (-8 + (-7 - -13)))?
0
What is the value of 4 - (2 - (-3 + 0))?
-1
Calculate 0 + 5 + -11 - -13 - 3.
4
What is the value of (-2 - (4 + -1)) + 10 + 2?
7
Calculate -1 - 3 - (-2 + -7).
5
Evaluate (-7 + 7 - -5) + -9 - -8.
4
What is the value of -8 + 1 - (-5 - -2)?
-4
What is the value of 9 - (3 - 1) - 1 - 1?
5
(-3 - 7) + (-2 - 9 - -14)
-7
What is the value of 1 + -2 + 1 + (0 - -4)?
4
What is -5 + (4 - -1) + 4?
4
(-2 - (2 - 7)) + (-4 - 1)
-2
What is the value of (-4 + 0 - -7 - -3) + -5?
1
What is -1 + 9 + -2 + -2 + 3?
7
Calculate -1 - -5 - (3 + -1) - 7.
-5
Calculate -12 + (9 - (-6 - 5)).
8
Evaluate -57 + 48 - (-13 - -1).
3
What is 0 + (5 - -1) - 4?
2
Evaluate 0 - -1 - (-2 + 4).
-1
(-13 - -4) + -3 + 1 + 6
-5
Calculate -3 - -5 - (-5 + 10).
-3
-10 + (-5 - (-3 - 6)) + 4
-2
What is -1 + 1 - ((-2 - -1) + 1)?
0
6 + (0 - 8) + -4 + 11
5
Calculate (-5 - -6) + (-2 - -1 - 0).
0
What is -1 + (-2 - (4 + -4))?
-3
What is 3 + -1 + 78 + -74?
6
What is the value of -12 - -2 - (-5 + -8 + 12)?
-9
What is -1 + -5 + -6 + 14 + 2?
4
Evaluate (-2 + -3 - -4) + 9.
8
What is 250 + -259 + 0 + 0 + 2?
-7
What is the value of -3 + (1 - (1 + 4))?
-7
What is 2 + 1 - 6 - -5?
2
Calculate (2 + (3 - 7) - -4) + -1.
1
What is -21 - -16 - (-1 - -5)?
-9
What is the value of 3 + (13 + -11 - -3)?
8
-1 - (-2 + 9) - (-3 - -2)
-7
(-5 - (-6 - 11)) + -4 + 2
10
Calculate -2 + (0 + -1 - -2) + 5.
4
What is -1 - -1 - (2 - 5)?
3
Evaluate -3 - (3 + -2 + -1) - 4.
-7
Calculate (15 - 24) + -2 + -2 + 5.
-8
What is 8 + -15 + 3 - -6?
2
What is -8 + -2 + 20 + -8?
2
What is the value of -7 - (-1 + 0) - 0?
-6
Evaluate 1 + (-7 - (0 + -5)).
-1
Calculate -3 + (3 - (6 + -3)) + 4.
1
What is the value of 6 + (2 + 0 - -1 - 5)?
4
What is -2 - (8 + 7 + -8 - 3)?
-6
What is the value of 4 - 10 - (3 - (-4 + 11))?
-2
Calculate (0 - (3 - -4)) + (6 - 0).
-1
6 - ((4 - -2) + -10 - -7)
3
Calculate (0 - -7 - 3) + -3.
1
What is 1 + (-4 - 0) - -4?
1
-4 + -11 + 5 - -8
-2
What is the value of -1 + -1 + 1 - (-27 + 24)?
2
-7 - -8 - 8 - -10
3
Evaluate 5 - (-15 + 9) - (0 - -3).
8
Calculate 8 + (11 - 8) + 0 + -3.
8
Calculate -8 - -4 - (2 - (-3 - -8)).
-1
Calculate (-5 + 5 - 7) + 11.
4
Calculate 1 - (4 + (-3 - (-2 - -4))).
2
Evaluate 4 - (-3 - 0 - -11).
-4
What is (-3 + 0 - 1) + (8 - -1)?
5
What is 0 - (0 - (-3 - -7)) - 5?
-1
What is the value of 1 + -3 + -1 + 5?
2
What is -7 + -2 + -1 + 3 + 3?
-4
Calculate -2 - (6 - (1 + (6 - 3))).
-4
0 - (13 + -2 - (-2 - -6))
-7
What is 14 + (-8 - 0) + -7?
-1
What is the value of 3 + -3 + (-1 - 2)?
-3
What is -9 + (9 - 11) + (-3 - -7)?
-7
Evaluate (8 - -1 - 13) + 4.
0
Calculate (-9 - 0) + 17 + -7.
1
What is the value of -2 - (-1 + -6 + 4 + 4)?
-3
What is the value of 2 + (-6 - -13 - 5)?
4
Calculate 1 - (-4 - (-8 - (-5 - -4))).
-2
Calculate 9 + -2 - 21 - -8.
-6
-3 - (3 + -11 - -4 - -2)
-1
What is 4 - (-6 + 10 + -5)?
5
Evaluate -13 + (-4 - -5) + 5 - -12.
5
What is 11 + 6 + -12 + 3 + -2?
6
8 + (0 - (5 - 5 - -18))
-10
What is the value of -1 - (-2 + 0 + 2)?
-1
Calculate 3 + -2 - (21 - 15).
-5
What is the value of (-9 - -18 - 15) + (6 - 1)?
-1
What is the value of 4 + 0 - (-2 + 19 + -7)?
-6
Evaluate 1 + -5 - (6 - 6).
-4
What is the value of 9 - (-12 + 10 + 12)?
-1
0 - (-7 + 0 + 7 + -5)
5
What is the value of 2 + -15 + 2 - -5?
-6
Evaluate -6 + (-1 + -2 - 0 - 0).
-9
8 + -8 + 5 + -2
3
What is the value of (6 - 4) + (3 - (13 - 6))?
-2
What is the value of (-13 - -9) + (3 - -6 - 0)?
5
8 + (-2 - 8) + 12
10
Evaluate 6 + (5 - (-5 + 15)).
1
What is 7 - (-23 - -25 - (2 + -3))?
4
What is -6 - -2 - (-5 + 6)?
-5
What is the value of 6 + 3 + -5 + -6?
-2
Evaluate (-135 - -133) + (-1 - -8).
5
What is -6 + -1 + 7 + -4 + 5?
1
-2 + (-1 - -1) + (1 - 1)
-2
Evaluate -2 + 0 - (10 + (3 - 19)).
4
-2 + (8 - (-4 + 5 - -3))
2
Evaluate (-9 + -6 - -12) + -4 + 0.
-7
Evaluate -5 - (9 + -1 - 9).
-4
-1 + (-10 - (0 - 4))
-7
5 + (6 - (16 - 4 - 4))
3
What is the value of -12 + (29 - 13) - 7?
-3
0 + (7 - 2) - (2 - -1)
2
What is -2 - -5 - (0 + 2 - 2)?
3
Evaluate -1 + 6 - ((10 - -1) + -9).
3
Evaluate 2 - (3 - -1) - (4 + -1).
-5
Calculate (11 - (12 + 0)) + 0.
-1
What is the value of (1 + -1 - (6 + -6)) + -1?
-1
What is (3 - (-4 - -4)) + (-1 - 3)?
-1
Evaluate 0 - (9 + -10) - (1 - 1).
1
What is the value of 0 - (4 + -6 + 13 + -4)?
-7
What is 5 + -4 - (0 - (-7 + 2))?
-4
-1 + -5 + 12 + -3
3
What is the value of -2 - (-4 + -5 + 7)?
0
What is -21 + 24 - (1 + (-3 - -7))?
-2
-4 + -8 + 7 + 1
-4
Calculate -2 - (-7 + 10) - (-4 + 1).
-2
1 - (-18 + 1 + 11)
7
-19 + 9 + -3 + 4
-9
What is -4 + -4 + 8 + 1 + -2?
-1
What is 0 - (-11 + 4 + 1 - -4)?
2
(4 - 6) + 1 + 3 + 1
3
What is the value of 5 + -13 - -2 - (-1 + -4)?
-1
Calculate -1 + -2 - (-1 + (7 - 4)).
-5
What is the value of -3 - ((-1 - 2 - 6) + 2)?
4
(2 - 2 - 4 - -3) + 3
2
Evaluate -4 + 2 + -1 + 0 + 8.
5
What is 7 + 4 + -6 + -1?
4
(-1 - 0) + 5 + (-16 - -7)
-5
What is the value of -4 - (9 + -14) - -4?
5
What is the value of (24 - 15) + (-6 - -1)?
4
(-2 - 2) + (4 - (-2 + 1))
1
Calculate (-1 - (-2 + (4 - 6))) + 1.
4
Evaluate -6 - (19 + -11 + -15).
1
Calculate (-10 - (-4 - 7)) + 5 + -2.
4
Evaluate 0 - -1 - (2 - 0).
-1
What is 9 + -10 + 3 + 0?
2
11 + -3 + -8 + 5
5
What is the value of -4 - (-5 - -2 - (3 - 5))?
-3
What is -3 + (-2 - -4 - -2) - -2?
3
Calculate 0 + (0 - (-5 + 12)).
-7
What is 7 - 1 - (-10 - -15)?
1
What is 4 + -7 - (-2 + 2 - 0)?
-3
0 + -3 - (0 + 3 + -7)
1
What is the value of 9 - ((1 - -1) + -38 + 42)?
3
What is 9 + -12 - (-2 + 1 - 3)?
1
What is -3 - (1 + (-6 - -1)) - -3?
4
What is the value of 6 - -1 - (6 - 3)?
4
What is (7 - 4) + 0 - -1?
4
What is (6 - 0) + -7 + 0?
-1
Evaluate 7 + 3 + -7 + -4.
-1
What is the value of -13 - -15 - (-5 + 6)?
1
(-6 - (-4 + 1)) + 5
2
-2 - 1 - -6 - (5 - 5)
3
-2 + -1 + (6 - -1)
4
(-4 - -3) + -3 + 4 + 1
1
Calculate -7 - -4 - -1 - -7.
5
What is -14 - -12 - (4 - (2 - 3))?
-7
What is the value of -1 + (6 - (5 + -4)) + 1?
5
What is -4 + 6 + -1 - -4?
5
Calculate 7 + -7 + 15 + -17.
-2
Calculate -5 - (1 + -1) - -2.
-3
Evaluate 24 + -20 - (6 - 0).
-2
Calculate (-27 - -31) + (-2 - (-2 + 3)).
1
6 + (-1 - 2) - 0 - 6
-3
Evaluate -7 + -2 + 6 + 6.
3
6 + -17 - -4 - -14
7
Evaluate (7 + -6 - -3) + 1 + 0.
5
What is -6 + (2 - (-5 - -2))?
-1
What is 7 - (1 + -7 + 14)?
-1
What is 5 + (-3 - -4) + -3?
3
Evaluate -2 - (4 + -8 - 5).
7
Evaluate -1 - (-5 - -1 - -8).
-5
Evaluate 5 - (11 + -7 + 8).
-7
What is the value of 4 + 3 + 2 + -4 + 0?
5
What is 0 + (7 - (2 + 7))?
-2
Calculate 4 - (1 + (1 - (9 - 7))).
4
Calculate 4 - (-3 + (4 - (-12 - -5))).
-4
(12 - 14) + (3 - -2)
3
What is the valu